is the remainder when g is divided by w?
7
Suppose 5*u - 74 - 501 = 0. Calculate the remainder when u is divided by 29.
28
Let z = -10 + 18. Let f be (-245)/(-4) - 4/16. Suppose -5*v = -0*m - 3*m - 121, -3*v + f = 4*m. What is the remainder when v is divided by z?
7
Suppose h = 9 - 0. Let s = 119 - 94. What is the remainder when s is divided by h?
7
Let n = -29 + 45. Calculate the remainder when 29 is divided by n.
13
What is the remainder when ((-12)/(-8) - 1)/(4/1448) is divided by 14?
13
Let p = 35 - -24. Calculate the remainder when p is divided by 31.
28
Let m(o) = o**3 - 14*o**2 + o + 6. What is the remainder when 58 is divided by m(14)?
18
Suppose -14 = 4*i - 4*t + 62, 3*t = -4*i - 104. Let o = -16 - i. Calculate the remainder when 20 is divided by o.
6
Suppose 0 = 2*r - 4. Calculate the remainder when 9 is divided by r.
1
Suppose -5*z - 19 = 2*a, -7*a + 37 = -3*a - 5*z. Let m(i) = -i**2 - 5*i - 2. Let t be m(-4). What is the remainder when 6/a + t*5 is divided by 5?
2
Let l be 6/39 + (-50)/(-13). What is the remainder when 23/(-2)*(2 - l) is divided by 13?
10
Let n(d) = -13*d + 4. Let y(k) = 2*k**2 + 0*k - k**2 - 4*k + 3. Calculate the remainder when n(-3) is divided by y(6).
13
Suppose -2*k + 5*a = -86, 0*k - 78 = -2*k + 3*a. Let g = k - 20. What is the remainder when g is divided by 5?
3
Let d be 10*(-1)/(-4)*-6. Let l = -7 - d. What is the remainder when 14 is divided by l?
6
Suppose -3*g - 32 = 52. Let p be (34 - -5) + 2 + -1. Let w = p + g. What is the remainder when 34 is divided by w?
10
What is the remainder when 77 is divided by 3 - (-2 + -20) - (0 - 1)?
25
Let n be (18/(-1))/((-10)/15). Let c = n - 7. Suppose -o + c = o. What is the remainder when 18 is divided by o?
8
Suppose -3*u - k + 63 = 25, 35 = 3*u + 4*k. Calculate the remainder when 35 is divided by u.
9
Suppose -s = -3*p - 2 + 16, 0 = -4*p - s + 21. Suppose -p*c - 139 - 71 = 0. Let h = c + 64. Calculate the remainder when 64 is divided by h.
20
Suppose 2*x - 2*j - 30 = 3*j, 17 = x - 3*j. Calculate the remainder when 5/((-5)/2) - -15 is divided by x.
3
Suppose -10*d + d + 135 = 0. Calculate the remainder when 43 is divided by d.
13
Let w(l) = l**2 - l - 1. Let x(a) = -a**3 + 8*a**2 + 5*a - 11. Let y(f) = -4*w(f) - x(f). What is the remainder when 3 is divided by y(12)?
0
Let c = 19 + -18. What is the remainder when 4 is divided by c?
0
What is the remainder when 8/4 + -2 + 23 is divided by 10?
3
Let g(c) = -c + 3. Let u be g(3). Suppose u*p = -5*p + 5*s + 35, -3*s + 56 = 4*p. Calculate the remainder when 1*2 + 17 + 2 is divided by p.
10
Suppose -4*m = -5*i - 128, 2*i - 18 = 5*m - 161. Suppose -4*t - 3*v = -215, 2*v + 266 = 5*t + 3*v. Calculate the remainder when t is divided by m.
26
Let q(r) = r**3 - r + 2. Calculate the remainder when 13 is divided by q(2).
5
Suppose -4*s = 16 - 4. Let h = 16 - s. Calculate the remainder when 54 is divided by h.
16
Let k = 12 + -8. Suppose -4*c + 79 = 3*x, -k*c - 4*x + 68 = -c. What is the remainder when 31 is divided by c?
15
Let o be (0 + 6/(-9))*3. Let z be 3/3 + 31 + o. What is the remainder when 19 is divided by (0 - z)*(-5)/15?
9
Suppose 44 = -3*i + 7*i. Suppose -7*g - 80 = -i*g. Let o = 89 - 50. Calculate the remainder when o is divided by g.
19
Suppose -b = -c + 6*c - 27, -5*b + 5*c = 15. Calculate the remainder when 3 is divided by b.
1
Suppose -4*z + 13 = -11. Let h be (-4)/z*36/(-8). Suppose -h*c - 8*t = -4*t - 32, 5*c + 2*t - 44 = 0. Calculate the remainder when 23 is divided by c.
7
What is the remainder when (-1 - -2) + (-11)/(-1) is divided by 4?
0
Suppose 0 = -4*d + 4*l + l + 81, d - 39 = 5*l. Suppose -3*n + d = 3*w - 1, 4*w = 2*n + 8. Calculate the remainder when (16/w)/((-2)/(-6)) is divided by 6.
4
Let b be (8/(-6))/((-1)/9). Suppose d + 10 + 6 = i, -2*i - 2*d + b = 0. Calculate the remainder when i is divided by ((-4)/5)/(1/(-5)).
3
What is the remainder when 35 is divided by -1 - -3 - (3 + -20)?
16
Let w = -38 - -61. Let a = 13 + -7. Calculate the remainder when w is divided by a.
5
Let s be -1 - (2 + -3 - 5). Suppose -x - 3 = -s. Let h = -8 - -11. Calculate the remainder when h is divided by x.
1
Suppose -5*s + 173 = -4*u, -4*u - 57 = -2*s + 17. Calculate the remainder when s is divided by 17.
16
Let w(b) = -6*b + 6. Let n be w(-6). Let f = 4 + -1. Suppose -6*h + n = -f*h. What is the remainder when 27 is divided by h?
13
Let v be -2 + (-44 - 2)/(-2). Suppose 0 = 5*x, -2*r - 5*x + 0*x = -16. Let g = v - r. Calculate the remainder when 37 is divided by g.
11
Let f(t) = t**2 + 4*t + 40. What is the remainder when 116 is divided by f(0)?
36
Let u = 8 - 6. Suppose u*x - 86 = -0*x. Calculate the remainder when x is divided by 15.
13
Let m(c) = 10*c**2 + 1. Calculate the remainder when m(-2) is divided by 21.
20
Suppose 156 = 3*p - 5*h, 60 = 3*p - 2*h - 96. Suppose -108 = -0*v - 6*v. Calculate the remainder when p is divided by v.
16
Let n = 87 + -26. Calculate the remainder when n is divided by 16.
13
Calculate the remainder when 1/((-1)/(-68)*4) is divided by 10.
7
Let g be ((-30)/12)/((-2)/4). Suppose 0 = -4*t + 3*s + 55, 3*s - g = -2*t - 0. Calculate the remainder when 19 is divided by t.
9
Let j(x) = -x - 4*x + 3*x - 5. What is the remainder when 13 is divided by j(-5)?
3
Suppose -4*f = -9*f + 150. Let l = 1 - -15. Suppose v + 5 = l. Calculate the remainder when f is divided by v.
8
Let q(l) = -4*l + 41 + 2*l - 26. Calculate the remainder when 44 is divided by q(0).
14
Let u(g) = g**2 + 11*g + 11. Let f(d) = -10*d**2 + d. Let a be f(-1). What is the remainder when 20 is divided by u(a)?
9
Let h(q) = -2*q + 1. What is the remainder when 32 is divided by h(-8)?
15
Let u(i) = -2*i + 5 - 2*i - i. Calculate the remainder when u(-6) is divided by 12.
11
Let m = 23 + -10. Suppose -5*q + 52 + m = 0. Calculate the remainder when q is divided by 7.
6
Suppose -4*i - 2*b + 14 = 0, -4*i - 3*b + 2 = -7. Calculate the remainder when 10/i*84/4 is divided by 9.
8
Let k(w) = -2*w + 1. Let o be k(-1). Let i(l) = -4*l**2 + 2*l**3 + 4*l**2 + l - 5*l**2 + 2. What is the remainder when i(o) is divided by 5?
4
Suppose -4*k + 9*k - 62 = -3*s, -5*s = -5*k - 130. Suppose 0 = -n - n + y + s, y = 3*n - 36. Calculate the remainder when 47 is divided by n.
11
Let a = 19 - 9. Suppose 2*h + 0*h - 6 = 0. Suppose 2*g - 3*w = 39, -5*g - h*w + 86 = w. Calculate the remainder when g is divided by a.
8
Suppose -5*l - 20 = -2*h - 3*h, -4*l - 19 = -h. Suppose j = 2*w + 4*j - 34, 3*j = 3*w - 51. Calculate the remainder when (l + 2)/(1/(-11)) is divided by w.
16
Suppose -6 = -3*p - 4*d, 3*d = 2*p + 3 - 7. What is the remainder when 38 is divided by p + -2 + 14 + -1?
12
Let i be -2*(-2)/(3 - 1). Suppose -i*r + 27 = 2*z + 9, -24 = -2*z + 4*r. Calculate the remainder when z is divided by 4.
2
Suppose -c - 8 = -0*n + 3*n, 0 = 2*n + 4*c - 8. Let j(s) = -11*s - 1 + 1 - 5. What is the remainder when j(n) is divided by 20?
19
Suppose 5*k + 0*k = -2*p - 694, 5*k - 2*p = -686. Calculate the remainder when (k/(-24))/((-2)/(-8)) is divided by 12.
11
Suppose 5*w + 2 + 23 = 0. What is the remainder when 2 is divided by (-2)/(-3)*(-2 - w)?
0
Let i(c) be the second derivative of -3/2*c**2 - 2/3*c**3 - 4*c - 1/12*c**4 + 0. What is the remainder when i(-2) is divided by 1?
0
Let a be 4*1 + 1168/16. Suppose 0*s + 102 = 4*s + 3*n, -2*n = 3*s - a. What is the remainder when 51 is divided by s?
24
Let v(c) = c**3 - 3*c**2 - 1. Let m be v(2). Let l = m - -9. Calculate the remainder when (-117)/(-4) - 1/l is divided by 8.
5
Suppose 2*w + 4*s = -10, -2*s = -s + 4. Let u(l) = -l**2 + 6*l - 2. What is the remainder when w is divided by u(5)?
0
Let f(j) = -j**3 + 7*j**2 - 10*j + 4. Suppose 3*h - 2*z + 7*z - 44 = 0, -z + 41 = 2*h. What is the remainder when h is divided by f(4)?
11
Let q = -197 - -138. Let y = -28 - q. What is the remainder when y is divided by (-6)/30 - (-81)/5?
15
Let w(j) = 4*j + 72. Calculate the remainder when w(-10) is divided by -22*-2*2/8.
10
Suppose 0 = -2*j - 5*m - 5 - 12, 0 = 2*j - 2*m - 18. Suppose 27 = 3*y + j*r, 3 = -y + r + 5. Let t = 29 + -15. What is the remainder when t is divided by y?
4
Let z be 2/4 - (-27)/18. Suppose 4*l + 5*o = z*l, -o + 6 = l. What is the remainder when 29 is divided by l?
9
Let x(b) = 3*b - 17. What is the remainder whe